{"id":32,"date":"2019-07-21T06:09:37","date_gmt":"2019-07-21T06:09:37","guid":{"rendered":"http:\/\/wordpress.butterer-duczek.de\/?page_id=32"},"modified":"2020-06-01T19:39:54","modified_gmt":"2020-06-01T19:39:54","slug":"pharmavertretung","status":"publish","type":"page","link":"https:\/\/www.butterer-duczek.de\/?page_id=32","title":{"rendered":"Pharmavertretung"},"content":{"rendered":"\n<p>F\u00fcr Pharmavertreter\/Innen werden nach der Sprechstunde feste Termine vergeben, die entweder <a href=\"https:\/\/www.butterer-duczek.de\/?page_id=59\">telefonisch oder per E-Mail<\/a> vereinbart werden k\u00f6nnen.<\/p>\n\n\n\n<hr class=\"wp-block-separator\"\/>\n\n\n\n<p>Montags und nach Feiertagen werden keine Pharmavertreter empfangen wegen des grossen Patientenandrangs an diesen Tagen.<\/p>\n\n\n\n<hr class=\"wp-block-separator\"\/>\n\n\n\n<p>\u00c4rztemuster werden nur von den \u00c4rzten pers\u00f6nlich entgegengenommen, um eine unn\u00f6tige Musterabgabe zu vermeiden.<\/p>\n","protected":false},"excerpt":{"rendered":"<p>F\u00fcr Pharmavertreter\/Innen werden nach der Sprechstunde feste Termine vergeben, die entweder telefonisch oder per E-Mail vereinbart werden k\u00f6nnen. Montags und nach Feiertagen werden keine Pharmavertreter empfangen wegen des grossen Patientenandrangs an diesen Tagen. \u00c4rztemuster werden nur von den \u00c4rzten pers\u00f6nlich entgegengenommen, um eine unn\u00f6tige Musterabgabe zu vermeiden.<\/p>\n","protected":false},"author":3,"featured_media":0,"parent":0,"menu_order":0,"comment_status":"closed","ping_status":"closed","template":"","meta":{"footnotes":""},"class_list":["post-32","page","type-page","status-publish","hentry"],"_links":{"self":[{"href":"https:\/\/www.butterer-duczek.de\/index.php?rest_route=\/wp\/v2\/pages\/32"}],"collection":[{"href":"https:\/\/www.butterer-duczek.de\/index.php?rest_route=\/wp\/v2\/pages"}],"about":[{"href":"https:\/\/www.butterer-duczek.de\/index.php?rest_route=\/wp\/v2\/types\/page"}],"author":[{"embeddable":true,"href":"https:\/\/www.butterer-duczek.de\/index.php?rest_route=\/wp\/v2\/users\/3"}],"replies":[{"embeddable":true,"href":"https:\/\/www.butterer-duczek.de\/index.php?rest_route=%2Fwp%2Fv2%2Fcomments&post=32"}],"version-history":[{"count":2,"href":"https:\/\/www.butterer-duczek.de\/index.php?rest_route=\/wp\/v2\/pages\/32\/revisions"}],"predecessor-version":[{"id":175,"href":"https:\/\/www.butterer-duczek.de\/index.php?rest_route=\/wp\/v2\/pages\/32\/revisions\/175"}],"wp:attachment":[{"href":"https:\/\/www.butterer-duczek.de\/index.php?rest_route=%2Fwp%2Fv2%2Fmedia&parent=32"}],"curies":[{"name":"wp","href":"https:\/\/api.w.org\/{rel}","templated":true}]}}