{"id":59,"date":"2019-07-21T06:27:00","date_gmt":"2019-07-21T06:27:00","guid":{"rendered":"http:\/\/wordpress.butterer-duczek.de\/?page_id=59"},"modified":"2020-06-03T13:10:21","modified_gmt":"2020-06-03T13:10:21","slug":"kontakt-2","status":"publish","type":"page","link":"https:\/\/www.butterer-duczek.de\/?page_id=59","title":{"rendered":"Kontakt"},"content":{"rendered":"\n<p>Behandelnde \u00c4rzte: Dr. med. Bettina Butterer, Dres. med. Gerlind &amp; Peter Duczek<\/p>\n\n\n\n<p>Fach\u00e4rzte f\u00fcr Allgemeinmedizin<\/p>\n\n\n\n<p>-Hom\u00f6opathie und Akupunktur-<\/p>\n\n\n\n<p>Franz-Liszt-Strasse 4&nbsp;<br>76646 Bruchsal &#8211; Untergrombach<\/p>\n\n\n\n<p>Tel : 07257 \/ 92345<\/p>\n\n\n\n<p>Fax : 07257 \/ 92343<\/p>\n\n\n\n<p>Rezept\/\u00dcberweisungs-Hotline: 07257 \/ 931225<\/p>\n\n\n\n<p>E-Mail :&nbsp;<a href=\"mailto:info@butterer-duczek.de\">info[at]butterer-duczek[dot]de<\/a> oder \u00fcber unser <a href=\"https:\/\/www.butterer-duczek.de\/?page_id=24\">Kontaktformular<\/a><\/p>\n\n\n\n<p>Au\u00dferhalb der Praxis-\u00d6ffnungszeiten in dringenden medizinischen Notf\u00e4llen&nbsp;<br>Mobil 0160 246 0306 oder 07257 \/ 92344<\/p>\n\n\n\n<p>Ben\u00f6tigen Sie ein&nbsp;<strong>Rezept<\/strong>&nbsp;oder eine&nbsp;<strong>\u00dcberweisung<\/strong>? F\u00fcr Rezepte oder \u00dcberweisungen haben wir die oben genannte&nbsp;<strong>separate Rufnummer<\/strong>&nbsp;reserviert. Hier k\u00f6nnen sie jederzeit (auch au\u00dferhalb der Sprechzeiten oder am Wochenende) Ihren Wunsch auf Band sprechen. Wir bem\u00fchen uns Ihren Wunsch zeitnah zu bearbeiten.<\/p>\n\n\n\n<p>Wollen Sie uns eine Nachricht senden? Nutzen Sie unser&nbsp;<a href=\"https:\/\/www.butterer-duczek.de\/?page_id=24\">Kontaktformular<\/a>.<\/p>\n\n\n\n<p>Notdienst und Urlaubs-Vertretungen siehe unter dem Sonderpunkt                             &#8222;<a href=\"https:\/\/www.butterer-duczek.de\/?page_id=54\">Notdienst &#8211; Vertretung &#8211; Urlaub<\/a>&#8222;<\/p>\n\n\n\n<p><\/p>\n","protected":false},"excerpt":{"rendered":"<p>Behandelnde \u00c4rzte: Dr. med. Bettina Butterer, Dres. med. Gerlind &amp; Peter Duczek Fach\u00e4rzte f\u00fcr Allgemeinmedizin -Hom\u00f6opathie und Akupunktur- Franz-Liszt-Strasse 4&nbsp;76646 Bruchsal &#8211; Untergrombach Tel : 07257 \/ 92345 Fax : 07257 \/ 92343 Rezept\/\u00dcberweisungs-Hotline: 07257 \/ 931225 E-Mail :&nbsp;info[at]butterer-duczek[dot]de oder \u00fcber unser Kontaktformular Au\u00dferhalb der Praxis-\u00d6ffnungszeiten in dringenden medizinischen Notf\u00e4llen&nbsp;Mobil 0160 246 0306 oder 07257 &hellip; <\/p>\n<p class=\"link-more\"><a href=\"https:\/\/www.butterer-duczek.de\/?page_id=59\" class=\"more-link\"><span class=\"screen-reader-text\">\u201eKontakt\u201c<\/span> weiterlesen<\/a><\/p>\n","protected":false},"author":3,"featured_media":0,"parent":0,"menu_order":0,"comment_status":"closed","ping_status":"closed","template":"","meta":{"footnotes":""},"class_list":["post-59","page","type-page","status-publish","hentry"],"_links":{"self":[{"href":"https:\/\/www.butterer-duczek.de\/index.php?rest_route=\/wp\/v2\/pages\/59"}],"collection":[{"href":"https:\/\/www.butterer-duczek.de\/index.php?rest_route=\/wp\/v2\/pages"}],"about":[{"href":"https:\/\/www.butterer-duczek.de\/index.php?rest_route=\/wp\/v2\/types\/page"}],"author":[{"embeddable":true,"href":"https:\/\/www.butterer-duczek.de\/index.php?rest_route=\/wp\/v2\/users\/3"}],"replies":[{"embeddable":true,"href":"https:\/\/www.butterer-duczek.de\/index.php?rest_route=%2Fwp%2Fv2%2Fcomments&post=59"}],"version-history":[{"count":4,"href":"https:\/\/www.butterer-duczek.de\/index.php?rest_route=\/wp\/v2\/pages\/59\/revisions"}],"predecessor-version":[{"id":187,"href":"https:\/\/www.butterer-duczek.de\/index.php?rest_route=\/wp\/v2\/pages\/59\/revisions\/187"}],"wp:attachment":[{"href":"https:\/\/www.butterer-duczek.de\/index.php?rest_route=%2Fwp%2Fv2%2Fmedia&parent=59"}],"curies":[{"name":"wp","href":"https:\/\/api.w.org\/{rel}","templated":true}]}}